{"id":3009,"date":"2018-08-03T17:32:34","date_gmt":"2018-08-03T15:32:34","guid":{"rendered":"https:\/\/www.d-wdel.de\/?page_id=3009"},"modified":"2018-08-03T17:32:34","modified_gmt":"2018-08-03T15:32:34","slug":"newsletter","status":"publish","type":"page","link":"https:\/\/www.d-wdel.de\/?page_id=3009","title":{"rendered":"Newsletter"},"content":{"rendered":"<p>Auf dieser Seite k\u00f6nnen Sie sich zu einem Newsletter bei der KaGe Grau-Blau anmelden. Nach erfolgreicher Anmeldung erhalten Sie zuk\u00fcnftig eine Nachricht, wenn es neue Beitr\u00e4ge auf dieser Internetseite gibt. Um den Newsletter zu abonnieren, m\u00fcssen Sie die nachfolgenden Felder ausf\u00fcllen.<\/p>\n<p><strong><p><label class=\"gdpr-label\"><input type=\"checkbox\" name=\"user_consents[datenschutzerklarung]\" id=\"datenschutzerklarung-consent\" value=\"1\" required >Sie haben unsere Datenschutzerkl\u00e4rung gelesen und zugestimmt: \r\n<a href=\"https:\/\/www.d-wdel.de\/?page_id=2888\">hier auf unserer Internetseite<\/a><\/label><\/p><div class=\"emaillist\" id=\"es_form_f0-n1\"><form action=\"\/index.php?rest_route=%2Fwp%2Fv2%2Fpages%2F3009#es_form_f0-n1\" method=\"post\" class=\"es_subscription_form es_shortcode_form  es_ajax_subscription_form\" id=\"es_subscription_form_69e04e89871ca\" data-source=\"ig-es\" data-form-id=\"0\"><div class=\"es-field-wrap\"><label>Name<br \/><input type=\"text\" name=\"esfpx_name\" class=\"ig_es_form_field_name\" placeholder=\"\" value=\"\" \/><\/label><\/div><div class=\"es-field-wrap ig-es-form-field\"><label class=\"es-field-label\">E-Mail*<br \/><input class=\"es_required_field es_txt_email ig_es_form_field_email ig-es-form-input\" type=\"email\" name=\"esfpx_email\" value=\"\" placeholder=\"\" required=\"required\" \/><\/label><\/div><input type=\"hidden\" name=\"esfpx_lists[]\" value=\"2c1a81c26931\" \/><input type=\"hidden\" name=\"esfpx_form_id\" value=\"0\" \/><input type=\"hidden\" name=\"es\" value=\"subscribe\" \/>\n\t\t\t<input type=\"hidden\" name=\"esfpx_es_form_identifier\" value=\"f0-n1\" \/>\n\t\t\t<input type=\"hidden\" name=\"esfpx_es_email_page\" value=\"3009\" \/>\n\t\t\t<input type=\"hidden\" name=\"esfpx_es_email_page_url\" value=\"https:\/\/www.d-wdel.de\/?page_id=3009\" \/>\n\t\t\t<input type=\"hidden\" name=\"esfpx_status\" value=\"Unconfirmed\" \/>\n\t\t\t<input type=\"hidden\" name=\"esfpx_es-subscribe\" id=\"es-subscribe-69e04e89871ca\" value=\"2294bb0e2f\" \/>\n\t\t\t<label style=\"position:absolute;top:-99999px;left:-99999px;z-index:-99;\" aria-hidden=\"true\"><span hidden>Bitte lasse dieses Feld leer.<\/span><input type=\"email\" name=\"esfpx_es_hp_email\" class=\"es_required_field\" tabindex=\"-1\" autocomplete=\"-1\" value=\"\" \/><\/label><input type=\"submit\" name=\"submit\" class=\"es_subscription_form_submit es_submit_button es_textbox_button\" id=\"es_subscription_form_submit_69e04e89871ca\" value=\"Abonnieren\" \/><span class=\"es_spinner_image\" id=\"spinner-image\"><img decoding=\"async\" src=\"https:\/\/www.d-wdel.de\/wp-content\/plugins\/email-subscribers\/lite\/public\/images\/spinner.gif\" alt=\"Loading\" \/><\/span><\/form><span class=\"es_subscription_message \" id=\"es_subscription_message_69e04e89871ca\" role=\"alert\" aria-live=\"assertive\"><\/span><\/div><\/strong><\/p>\n","protected":false},"excerpt":{"rendered":"<p>Auf dieser Seite k\u00f6nnen Sie sich zu einem Newsletter bei der KaGe Grau-Blau anmelden. Nach erfolgreicher Anmeldung erhalten Sie zuk\u00fcnftig eine Nachricht, wenn es neue Beitr\u00e4ge auf dieser Internetseite gibt. Um den Newsletter zu abonnieren, m\u00fcssen Sie die nachfolgenden Felder ausf\u00fcllen.<\/p>\n","protected":false},"author":1,"featured_media":0,"parent":0,"menu_order":0,"comment_status":"closed","ping_status":"closed","template":"","meta":{"footnotes":""},"class_list":["post-3009","page","type-page","status-publish","hentry"],"jetpack_sharing_enabled":true,"post_mailing_queue_ids":[],"_links":{"self":[{"href":"https:\/\/www.d-wdel.de\/index.php?rest_route=\/wp\/v2\/pages\/3009","targetHints":{"allow":["GET"]}}],"collection":[{"href":"https:\/\/www.d-wdel.de\/index.php?rest_route=\/wp\/v2\/pages"}],"about":[{"href":"https:\/\/www.d-wdel.de\/index.php?rest_route=\/wp\/v2\/types\/page"}],"author":[{"embeddable":true,"href":"https:\/\/www.d-wdel.de\/index.php?rest_route=\/wp\/v2\/users\/1"}],"replies":[{"embeddable":true,"href":"https:\/\/www.d-wdel.de\/index.php?rest_route=%2Fwp%2Fv2%2Fcomments&post=3009"}],"version-history":[{"count":1,"href":"https:\/\/www.d-wdel.de\/index.php?rest_route=\/wp\/v2\/pages\/3009\/revisions"}],"predecessor-version":[{"id":3010,"href":"https:\/\/www.d-wdel.de\/index.php?rest_route=\/wp\/v2\/pages\/3009\/revisions\/3010"}],"wp:attachment":[{"href":"https:\/\/www.d-wdel.de\/index.php?rest_route=%2Fwp%2Fv2%2Fmedia&parent=3009"}],"curies":[{"name":"wp","href":"https:\/\/api.w.org\/{rel}","templated":true}]}}